hat is the remainder when 71502 is divided by 56?
46
Calculate the remainder when 1080958 is divided by 4467.
4411
What is the remainder when 10638824 is divided by 37?
29
Calculate the remainder when 2025580 is divided by 78.
76
What is the remainder when 9100107 is divided by 4550012?
83
Calculate the remainder when 3118370 is divided by 19735.
240
What is the remainder when 13729745 is divided by 177?
32
What is the remainder when 1816773 is divided by 2660?
2653
What is the remainder when 160021 is divided by 39971?
137
Calculate the remainder when 1099420 is divided by 549696.
28
What is the remainder when 1212446 is divided by 7171?
547
Calculate the remainder when 37094 is divided by 879.
176
Calculate the remainder when 22264254 is divided by 56.
54
What is the remainder when 2987325 is divided by 74683?
5
What is the remainder when 649748 is divided by 9554?
76
What is the remainder when 159949 is divided by 358?
281
Calculate the remainder when 258726 is divided by 46.
22
Calculate the remainder when 154117 is divided by 38398.
525
Calculate the remainder when 16256 is divided by 2630.
476
What is the remainder when 26631 is divided by 8041?
2508
Calculate the remainder when 69987 is divided by 9996.
15
What is the remainder when 352064 is divided by 143?
141
Calculate the remainder when 811929 is divided by 1020.
9
What is the remainder when 278133 is divided by 114?
87
What is the remainder when 97214 is divided by 215?
34
Calculate the remainder when 554445 is divided by 6761.
43
Calculate the remainder when 50427 is divided by 25204.
19
Calculate the remainder when 2961529 is divided by 5099.
4109
Calculate the remainder when 436179 is divided by 298.
205
Calculate the remainder when 6964 is divided by 149.
110
What is the remainder when 2719829 is divided by 543916?
249
Calculate the remainder when 143176 is divided by 13911.
4066
What is the remainder when 44703 is divided by 300?
3
Calculate the remainder when 90908 is divided by 2597.
13
Calculate the remainder when 297552 is divided by 297544.
8
What is the remainder when 443024 is divided by 2059?
339
Calculate the remainder when 401036 is divided by 2655.
131
Calculate the remainder when 710243 is divided by 5159.
3460
What is the remainder when 1810624 is divided by 603540?
4
What is the remainder when 67238 is divided by 2526?
1562
Calculate the remainder when 2874331 is divided by 48.
43
Calculate the remainder when 1490520 is divided by 4106.
42
Calculate the remainder when 120035 is divided by 754.
149
What is the remainder when 3761626 is divided by 1472?
666
Calculate the remainder when 19802706 is divided by 8063.
8041
Calculate the remainder when 10773 is divided by 997.
803
Calculate the remainder when 2204097 is divided by 2417.
2210
Calculate the remainder when 5848 is divided by 2504.
840
Calculate the remainder when 152157533 is divided by 2051.
2047
What is the remainder when 16013169 is divided by 929?
925
Calculate the remainder when 1129808 is divided by 62766.
20
What is the remainder when 1843142 is divided by 445?
397
What is the remainder when 971599 is divided by 118?
105
What is the remainder when 24576186 is divided by 2996?
2994
What is the remainder when 587641 is divided by 182?
145
What is the remainder when 50799567 is divided by 121?
16
Calculate the remainder when 91761685 is divided by 122.
117
Calculate the remainder when 94324 is divided by 2551.
2488
Calculate the remainder when 455627 is divided by 99.
29
What is the remainder when 48763628 is divided by 444?
440
What is the remainder when 5440386 is divided by 307?
39
Calculate the remainder when 4062425 is divided by 253875.
425
What is the remainder when 31108776 is divided by 27?
24
Calculate the remainder when 35772841 is divided by 46.
21
What is the remainder when 1534611 is divided by 343?
29
What is the remainder when 114850 is divided by 1881?
109
Calculate the remainder when 136594340 is divided by 9.
8
What is the remainder when 133234 is divided by 130948?
2286
What is the remainder when 241265 is divided by 79860?
1685
Calculate the remainder when 899104 is divided by 41.
15
What is the remainder when 33534 is divided by 2719?
906
What is the remainder when 44312324 is divided by 62?
56
What is the remainder when 48864 is divided by 1076?
444
What is the remainder when 244315 is divided by 121628?
1059
What is the remainder when 20921361 is divided by 103?
1
Calculate the remainder when 363226 is divided by 16506.
94
Calculate the remainder when 558814 is divided by 19950.
214
Calculate the remainder when 10437457 is divided by 486.
121
Calculate the remainder when 156554 is divided by 13010.
434
What is the remainder when 107658545 is divided by 278?
265
What is the remainder when 11238 is divided by 11163?
75
Calculate the remainder when 503240 is divided by 27.
14
What is the remainder when 98146 is divided by 94206?
3940
Calculate the remainder when 16315179 is divided by 1359597.
15
Calculate the remainder when 4415038 is divided by 365.
363
Calculate the remainder when 468865 is divided by 4.
1
Calculate the remainder when 317199 is divided by 325.
324
What is the remainder when 2998 is divided by 498?
10
What is the remainder when 9327513 is divided by 1598?
1585
Calculate the remainder when 1526105 is divided by 725.
705
What is the remainder when 369155 is divided by 184575?
5
Calculate the remainder when 2731472 is divided by 15.
2
Calculate the remainder when 1933276 is divided by 483315.
16
What is the remainder when 936313 is divided by 2963?
5
Calculate the remainder when 291212 is divided by 143431.
4350
Calculate the remainder when 1213780 is divided by 121377.
10
Calculate the remainder when 181222401 is divided by 1983.
1980
Calculate the remainder when 58793 is divided by 1469.
33
Calculate the remainder when 5120878 is divided by 965.
588
What is the remainder when 2508 is divided by 2?
0
Calculate the remainder when 195521 is divided by 88.
73
What is the remainder when 104503 is divided by 34609?
676
What is the remainder when 3539 is divided by 415?
219
Calculate the remainder when 405999 is divided by 4693.
2401
What is the remainder when 12047 is divided by 12043?
4
What is the remainder when 1861003 is divided by 633?
616
Calculate the remainder when 24659 is divided by 402.
137
What is the remainder when 28897 is divided by 6280?
3777
What is the remainder when 9847 is divided by 580?
567
What is the remainder when 21699202 is divided by 104827?
13
What is the remainder when 4112889 is divided by 76?
73
What is the remainder when 64924 is divided by 10496?
1948
Calculate the remainder when 979117 is divided by 91.
48
What is the remainder when 5282977 is divided by 1479?
1468
What is the remainder when 42871697 is divided by 10717920?
17
Calculate the remainder when 68150 is divided by 244.
74
What is the remainder when 370634 is divided by 15435?
194
Calculate the remainder when 44349 is divided by 1612.
825
Calculate the remainder when 217038 is divided by 108359.
320
What is the remainder when 155080582 is divided by 684?
682
Calculate the remainder when 66087119 is divided by 176.
175
Calculate the remainder when 282749 is divided by 277394.
5355
What is the remainder when 1129102 is divided by 383?
18
Calculate the remainder when 4577058 is divided by 101.
41
What is the remainder when 356759 is divided by 2146?
523
What is the remainder when 162519 is divided by 1202?
249
What is the remainder when 48411074 is divided by 43?
40
What is the remainder when 53773709 is divided by 5005?
4994
Calculate the remainder when 1664669 is divided by 8.
5
What is the remainder when 330406765 is divided by 9?
7
What is the remainder when 30503 is divided by 332?
291
Calculate the remainder when 21417132 is divided by 324502.
0
What is the remainder when 147479344 is divided by 14?
12
What is the remainder when 1931654 is divided by 66604?
138
What is the remainder when 444067 is divided by 3835?
3042
What is the remainder when 1850448 is divided by 2474?
2370
Calculate the remainder when 52568713 is divided by 515379.
55
Calculate the remainder when 59970336 is divided by 187.
184
Calculate the remainder when 43273287 is divided by 132.
123
What is 